{"id":2,"date":"2025-03-03T09:58:18","date_gmt":"2025-03-03T09:58:18","guid":{"rendered":"https:\/\/www.wir-zwa.at\/?page_id=2"},"modified":"2026-03-18T23:53:34","modified_gmt":"2026-03-18T21:53:34","slug":"willkommen-auf-der-homepage-von-wir-zwa","status":"publish","type":"page","link":"https:\/\/www.wir-zwa.at\/","title":{"rendered":"Servas"},"content":{"rendered":"<div class=\"wpb-content-wrapper\"><p>[vc_row][vc_column][vc_column_text css=&#8221;&#8221;]<b><\/b>[\/vc_column_text][\/vc_column][\/vc_row][vc_row][vc_column][vc_column_text css_animation=&#8221;appear&#8221; css=&#8221;&#8221;]<\/p>\n<p style=\"text-align: center;\"><span style=\"font-size: 18pt; color: #000000;\">Willkommen, Gria\u00df di,<\/span><br \/>\n<span style=\"font-size: 18pt; color: #000000;\">Habe die Ehre und Hallo<\/span><br \/>\n<span style=\"font-size: 18pt; color: #000000;\">auf der Homepage von Wir-Zwa, <\/span><br \/>\n<span style=\"font-size: 18pt; color: #000000;\">wir w\u00fcnschen viel Spa\u00df beim st\u00f6bern.<\/span><\/p>\n<p>[\/vc_column_text][\/vc_column][\/vc_row][vc_row][vc_column][vc_zigzag color=&#8221;black&#8221; el_width=&#8221;80&#8243; el_border_width=&#8221;15&#8243; css_animation=&#8221;appear&#8221; css=&#8221;.vc_custom_1742216543012{border-radius: 10px !important;}&#8221;][vc_single_image image=&#8221;473&#8243; img_size=&#8221;large&#8221; alignment=&#8221;center&#8221; style=&#8221;vc_box_shadow_3d&#8221; css_animation=&#8221;appear&#8221; css=&#8221;&#8221;][vc_zigzag color=&#8221;black&#8221; el_width=&#8221;80&#8243; el_border_width=&#8221;15&#8243; css_animation=&#8221;appear&#8221; css=&#8221;.vc_custom_1742217298308{border-radius: 10px !important;}&#8221;][\/vc_column][\/vc_row][vc_row][vc_column][vc_column_text css_animation=&#8221;bounceInDown&#8221; css=&#8221;&#8221;]<\/p>\n<p style=\"text-align: center;\"><span style=\"color: #000000;\"><strong>Zu unseren Erfolgen z\u00e4hlen, ATV, TV21 und WN TV Film und Serien Produktionen. Au\u00dferdem schafften es unsere ersten beiden Songs direkt ins Radio unter anderem Airplays bei Stadtradio Krems, Radio VM1, Radio Gr\u00fcn Wei\u00df,<br \/>\n<\/strong><\/span><strong><span style=\"color: #000000;\">Radio Flammingo, Radio 0,94 und andere.<\/span><\/strong><\/p>\n<p style=\"text-align: center;\"><span style=\"color: #000000;\">Unsere Pressemappe kannst DU hier <a href=\"https:\/\/www.wir-zwa.at\/wp-content\/uploads\/Presse-2.zip\" target=\"_blank\" rel=\"noopener\">DOWNLOADEN<\/a>.<\/span><\/p>\n<p>[\/vc_column_text][\/vc_column][\/vc_row][vc_row][vc_column][vc_column_text css=&#8221;&#8221;]<\/p>\n<p style=\"text-align: center;\"><div id=\"audioigniter-852\" class=\"audioigniter-root \" data-player-type=\"full\" data-tracks-url=\"https:\/\/www.wir-zwa.at\/?audioigniter_playlist_id=852\" data-display-track-no=\"false\" data-reverse-track-order=\"false\" data-display-tracklist-covers=\"true\" data-display-active-cover=\"true\" data-display-artist-names=\"true\" data-display-buy-buttons=\"true\" data-buy-buttons-target=\"true\" data-cycle-tracks=\"false\" data-display-credits=\"true\" data-display-tracklist=\"true\" data-allow-tracklist-toggle=\"true\" data-allow-tracklist-loop=\"true\" data-limit-tracklist-height=\"true\" data-volume=\"100\" data-tracklist-height=\"185\" ><\/div>\n<p style=\"text-align: center;\"><div id=\"audioigniter-857\" class=\"audioigniter-root \" data-player-type=\"full\" data-tracks-url=\"https:\/\/www.wir-zwa.at\/?audioigniter_playlist_id=857\" data-display-track-no=\"false\" data-reverse-track-order=\"false\" data-display-tracklist-covers=\"true\" data-display-active-cover=\"true\" data-display-artist-names=\"true\" data-display-buy-buttons=\"true\" data-buy-buttons-target=\"true\" data-cycle-tracks=\"false\" data-display-credits=\"false\" data-display-tracklist=\"true\" data-allow-tracklist-toggle=\"true\" data-allow-tracklist-loop=\"true\" data-limit-tracklist-height=\"true\" data-volume=\"100\" data-tracklist-height=\"185\" ><\/div>\n<p>[\/vc_column_text][\/vc_column][\/vc_row]<\/p>\n<\/div>","protected":false},"excerpt":{"rendered":"<p>[vc_row][vc_column][vc_column_text css=&#8221;&#8221;][\/vc_column_text][\/vc_column][\/vc_row][vc_row][vc_column][vc_column_text css_animation=&#8221;appear&#8221; css=&#8221;&#8221;] Willkommen, Gria\u00df di, Habe die Ehre und Hallo auf der Homepage von Wir-Zwa, wir w\u00fcnschen viel Spa\u00df beim st\u00f6bern. [\/vc_column_text][\/vc_column][\/vc_row][vc_row][vc_column][vc_zigzag color=&#8221;black&#8221; el_width=&#8221;80&#8243; el_border_width=&#8221;15&#8243; css_animation=&#8221;appear&#8221; css=&#8221;.vc_custom_1742216543012{border-radius: 10px !important;}&#8221;][vc_single_image image=&#8221;473&#8243; img_size=&#8221;large&#8221; alignment=&#8221;center&#8221; style=&#8221;vc_box_shadow_3d&#8221; css_animation=&#8221;appear&#8221; css=&#8221;&#8221;][vc_zigzag color=&#8221;black&#8221; el_width=&#8221;80&#8243; el_border_width=&#8221;15&#8243; css_animation=&#8221;appear&#8221; css=&#8221;.vc_custom_1742217298308{border-radius: 10px !important;}&#8221;][\/vc_column][\/vc_row][vc_row][vc_column][vc_column_text css_animation=&#8221;bounceInDown&#8221; css=&#8221;&#8221;] Zu unseren Erfolgen z\u00e4hlen, ATV, TV21 und WN TV &hellip; <\/p>\n<div class=\"more-link-wrapper\"><a href=\"https:\/\/www.wir-zwa.at\/\" class=\"more-link\">Continue reading<span class=\"screen-reader-text\"> &#8220;Servas&#8221;<\/span><\/a><\/div>\n","protected":false},"author":1,"featured_media":0,"parent":0,"menu_order":1,"comment_status":"closed","ping_status":"open","template":"","meta":{"slim_seo":{"title":"Wir-Zwa das Deutsch Englische Mundart Duo","description":"[vc_row][vc_column][vc_column_text css=\"\"] [\/vc_column_text][\/vc_column][\/vc_row][vc_row][vc_column][vc_column_text css_animation=\"appear\" css=\"\"] Willkommen, G"},"footnotes":""},"class_list":["post-2","page","type-page","status-publish","hentry"],"_links":{"self":[{"href":"https:\/\/www.wir-zwa.at\/index.php?rest_route=\/wp\/v2\/pages\/2","targetHints":{"allow":["GET"]}}],"collection":[{"href":"https:\/\/www.wir-zwa.at\/index.php?rest_route=\/wp\/v2\/pages"}],"about":[{"href":"https:\/\/www.wir-zwa.at\/index.php?rest_route=\/wp\/v2\/types\/page"}],"author":[{"embeddable":true,"href":"https:\/\/www.wir-zwa.at\/index.php?rest_route=\/wp\/v2\/users\/1"}],"replies":[{"embeddable":true,"href":"https:\/\/www.wir-zwa.at\/index.php?rest_route=%2Fwp%2Fv2%2Fcomments&post=2"}],"version-history":[{"count":34,"href":"https:\/\/www.wir-zwa.at\/index.php?rest_route=\/wp\/v2\/pages\/2\/revisions"}],"predecessor-version":[{"id":957,"href":"https:\/\/www.wir-zwa.at\/index.php?rest_route=\/wp\/v2\/pages\/2\/revisions\/957"}],"wp:attachment":[{"href":"https:\/\/www.wir-zwa.at\/index.php?rest_route=%2Fwp%2Fv2%2Fmedia&parent=2"}],"curies":[{"name":"wp","href":"https:\/\/api.w.org\/{rel}","templated":true}]}}