{"id":25,"date":"2025-03-03T12:46:47","date_gmt":"2025-03-03T11:46:47","guid":{"rendered":"https:\/\/www.wir-zwa.at\/impressum\/"},"modified":"2026-04-08T12:22:48","modified_gmt":"2026-04-08T10:22:48","slug":"impressum","status":"publish","type":"page","link":"https:\/\/www.wir-zwa.at\/?page_id=25","title":{"rendered":"Impressum"},"content":{"rendered":"<div class=\"wpb-content-wrapper\"><p>[vc_row][vc_column css=&#8221;.vc_custom_1742047452572{border-radius: 4px !important;}&#8221;][vc_column_text css_animation=&#8221;appear&#8221; css=&#8221;&#8221;]<\/p>\n<h5 style=\"text-align: center;\"><span style=\"color: #000000;\"><strong>Verantwortlich f\u00fcr den Inhalt dieser Website:<\/strong><\/span><\/h5>\n<p style=\"text-align: center;\"><span style=\"color: #000000;\"><strong>Wir-Zwa\u00a0 ist eine Marke der<br \/>\n<\/strong><\/span><span style=\"color: #000000;\"><strong>Homeless-Voices Productions GnbR<\/strong><\/span><\/p>\n<p style=\"text-align: center;\"><span style=\"color: #000000;\"><strong>Marco und Natascha Krojer<\/strong><\/span><\/p>\n<p style=\"text-align: center;\"><span style=\"color: #000000;\"><strong>Hauptstra\u00dfe 90 A-2504 Soo\u00df \/ \u00d6sterreich<\/strong><\/span><\/p>\n<p style=\"text-align: center;\"><span style=\"color: #000000;\"><strong>Mail: <span \n                data-original-string='NsHCx8X75FaWVAYZluUtzg==827km4thARNIctnmrn315uIclbzE6QSF5TapGJ6LIluHGk='\n                class='apbct-email-encoder'\n                title='Dieser Kontakt wurde von Anti-Spam by CleanTalk verschl\u00fcsselt. Klicken Sie hier, um ihn zu entschl\u00fcsseln. Um die Entschl\u00fcsselung abzuschlie\u00dfen, stellen Sie sicher, dass JavaScript in Ihrem Browser aktiviert ist.'>po<span class=\"apbct-blur\">*******<\/span>@<span class=\"apbct-blur\">*****<\/span>wa.at<\/span><br \/>\n<\/strong><\/span><span style=\"color: #000000;\"><strong>Tel: +43\/2252\/261018<br \/>\n<\/strong><\/span><span style=\"color: #000000;\"><strong>UID: ATU 71272213<br \/>\n<\/strong><\/span><span style=\"color: #000000;\"><strong>ISNI:0000000530191298<\/strong><\/span><\/p>\n<p style=\"text-align: center;\"><em><strong>Wir sind Mitglied bei der AKM, Gema und LSG.<\/strong><\/em><\/p>\n<p style=\"text-align: center;\"><span style=\"color: #000000;\"><strong>Alle Inhalte dieser Webseite sind Urheberrechtlich gesch\u00fctzt, eine Verwendung ist ohne Genehmigung Verboten,\u00a0<\/strong><\/span><span style=\"color: #000000;\"><strong>ausgenommen sind Pressefotos und Presse Texte diese d\u00fcrfen Kostenfrei von Veranstaltern und Medien genutzt werden.<\/strong><\/span><\/p>\n<p>[\/vc_column_text][\/vc_column][\/vc_row]<\/p>\n<\/div>","protected":false},"excerpt":{"rendered":"<p>[vc_row][vc_column css=&#8221;.vc_custom_1742047452572{border-radius: 4px !important;}&#8221;][vc_column_text css_animation=&#8221;appear&#8221; css=&#8221;&#8221;] Verantwortlich f\u00fcr den Inhalt dieser Website: Wir-Zwa\u00a0 ist eine Marke der Homeless-Voices Productions GnbR Marco und Natascha Krojer Hauptstra\u00dfe 90 A-2504 Soo\u00df \/ \u00d6sterreich Mail: po*******@*****wa.at Tel: +43\/2252\/261018 UID: ATU 71272213 ISNI:0000000530191298 Wir sind Mitglied bei der AKM, Gema und LSG. Alle Inhalte dieser Webseite sind Urheberrechtlich gesch\u00fctzt, eine &hellip; <\/p>\n<div class=\"more-link-wrapper\"><a href=\"https:\/\/www.wir-zwa.at\/?page_id=25\" class=\"more-link\">Continue reading<span class=\"screen-reader-text\"> &#8220;Impressum&#8221;<\/span><\/a><\/div>\n","protected":false},"author":1,"featured_media":0,"parent":0,"menu_order":17,"comment_status":"closed","ping_status":"closed","template":"","meta":{"slim_seo":{"title":"Impressum - Wir-Zwa das Deutsch Englische Mundart Duo","description":"[vc_row][vc_column css=\".vc_custom_1742047452572{border-radius: 4px !important;}\"][vc_column_text css_animation=\"appear\" css=\"\"] Verantwortlich f\u00fcr den Inhalt d"},"footnotes":""},"class_list":["post-25","page","type-page","status-publish","hentry"],"_links":{"self":[{"href":"https:\/\/www.wir-zwa.at\/index.php?rest_route=\/wp\/v2\/pages\/25","targetHints":{"allow":["GET"]}}],"collection":[{"href":"https:\/\/www.wir-zwa.at\/index.php?rest_route=\/wp\/v2\/pages"}],"about":[{"href":"https:\/\/www.wir-zwa.at\/index.php?rest_route=\/wp\/v2\/types\/page"}],"author":[{"embeddable":true,"href":"https:\/\/www.wir-zwa.at\/index.php?rest_route=\/wp\/v2\/users\/1"}],"replies":[{"embeddable":true,"href":"https:\/\/www.wir-zwa.at\/index.php?rest_route=%2Fwp%2Fv2%2Fcomments&post=25"}],"version-history":[{"count":7,"href":"https:\/\/www.wir-zwa.at\/index.php?rest_route=\/wp\/v2\/pages\/25\/revisions"}],"predecessor-version":[{"id":970,"href":"https:\/\/www.wir-zwa.at\/index.php?rest_route=\/wp\/v2\/pages\/25\/revisions\/970"}],"wp:attachment":[{"href":"https:\/\/www.wir-zwa.at\/index.php?rest_route=%2Fwp%2Fv2%2Fmedia&parent=25"}],"curies":[{"name":"wp","href":"https:\/\/api.w.org\/{rel}","templated":true}]}}